 + 24. Suppose f*r - 100 = 2*r. Let s = 46 - 26. Calculate the greatest common factor of s and r.
10
Suppose -4735 = -8*f - 1655. What is the highest common factor of f and 35?
35
Let d(c) = 6*c**2 - 14*c - 32. Let h be d(11). What is the greatest common divisor of 60 and h?
60
Suppose 2*n - 2 = 4. Suppose 0*w + 3*k - 36 = -n*w, 0 = 2*w - k - 33. What is the greatest common factor of w and 30?
15
Let m = 69 - 46. What is the greatest common factor of m and 23?
23
Let d(t) = 1 - 5 + 3*t + 0*t. Let p be d(13). What is the highest common factor of 14 and p?
7
Let c(q) = -3*q**2 - 4*q**2 + q**3 - 1 - 6*q + 2*q**2 - q. Let f be c(7). Suppose -6*u + 28 = -8. Calculate the highest common factor of f and u.
6
Let h(x) = -x**3 + x + 1. Let w be h(-2). Let n be ((-2)/4)/(1/6). Let f = n + w. What is the highest common factor of f and 16?
4
Let h(v) = 10*v**2. Let u(o) = o - 4. Let n be u(5). Let q be h(n). Calculate the greatest common factor of q and 40.
10
Let x(y) = -10*y - 2. Let l be x(-1). Calculate the greatest common divisor of 20 and l.
4
Let i = -42 + 60. Calculate the greatest common factor of 6 and i.
6
Let u = 2 + 6. Let y = 111 + -55. What is the highest common factor of y and u?
8
Let n be 5/1*12/30. Suppose -j - 3 = 3*f, 5*f - 1 + 6 = -n*j. Suppose -4*q + j*b = -b - 224, 2*q - b = 112. What is the highest common divisor of q and 8?
8
Let o = 14 + -5. Let l = 29 - 20. What is the highest common divisor of l and o?
9
Suppose 0 = -3*g - 2*l - 0*l + 693, -4*g + 4*l = -924. What is the highest common factor of g and 21?
21
Let r be 5 - -1 - 1/1. Suppose r*z - 5*g - 190 - 85 = 0, -2*z + 135 = 3*g. Let d = -25 + z. Calculate the greatest common divisor of d and 14.
7
Let c = -202 + 411. What is the highest common divisor of 38 and c?
19
Let h be (73 - -2)*18/15. Calculate the greatest common divisor of 18 and h.
18
Let i = -2 - -8. Let b = i - -12. Calculate the greatest common divisor of b and 90.
18
Let s(q) = -2*q**3 - 6*q**2 + 3*q - 1. Let p be s(-4). Calculate the greatest common divisor of 19 and p.
19
Let k be (72/32)/(3/8). Let u be 186/18 + (-2)/k. Suppose 0 = 2*d + 3*d - u. Calculate the highest common divisor of 20 and d.
2
Let m = 21 - 9. Calculate the highest common divisor of 48 and m.
12
Let q be -4*(10/4 - 3). Let d = -2 + q. Let p = 3 - d. What is the greatest common divisor of p and 2?
1
Let s be (-174)/9 + (-4)/6. Let d be ((-32)/s)/(2/15). What is the highest common factor of 8 and d?
4
Let v(y) = -y + 15. Let u be v(5). Calculate the greatest common divisor of 5 and u.
5
Let d be 8/20 - (-96)/10. Let k = -56 + 81. Calculate the highest common divisor of d and k.
5
Suppose 4*v - 76 - 27 = -3*a, -v + 4*a + 21 = 0. What is the greatest common divisor of 50 and v?
25
Let n be 2/3 + 31/3. Let i(q) = -n*q - 3*q - 3*q - 1. Let b be i(-1). What is the greatest common divisor of 80 and b?
16
Let t be (64/20 - 3)*5. Calculate the highest common factor of 1 and t.
1
Suppose 12*j - 453 = 435. Calculate the highest common divisor of 37 and j.
37
Let z(u) = u + 5. Let r be z(4). Calculate the highest common divisor of r and 1.
1
Let t be (-1 - 0) + 3 + 1. Let y be ((20 - 2)/t)/1. Calculate the greatest common divisor of y and 2.
2
Let q = 1 - 4. Let b(w) = w**2 + 2*w - 3. Let s be b(q). Suppose -2*z - 3*d + 47 = s, -2*z - 3*d = d - 52. Calculate the highest common factor of 8 and z.
8
Let g = 12 - 7. What is the greatest common factor of 10 and g?
5
Let a = -9 - -97. Let r = a - 44. Let c be -2*3/(-9)*6. What is the highest common factor of r and c?
4
Suppose 5*h + 6 = 61. Let a = 21 - h. What is the highest common divisor of 60 and a?
10
Suppose 0*k = 5*k - 880. Calculate the highest common divisor of k and 22.
22
Suppose 5*s - 10 = -5*f, 7 = f - 2*s - 1. Let p(k) = -10*k - 12. Let c be p(-4). Calculate the greatest common divisor of f and c.
4
Suppose -2*n = 4*m - 8, 3*m + 3 = 4*n - 2. Calculate the greatest common factor of n and 16.
2
Suppose 1 + 1 = k. Suppose k*w - 104 = u - 2*u, w - u = 46. Calculate the highest common factor of 20 and w.
10
Suppose 2*t + 5*v + 22 - 2 = 0, -v - 4 = 4*t. Suppose t*n + 2*n = 8. Calculate the greatest common factor of 16 and n.
4
Let o(w) = -w - 9. Let h(f) = -1. Let j(v) = -4*h(v) + o(v). Let p be j(-7). What is the highest common factor of p and 1?
1
Let f(d) = d**3 + 8*d**2 - 2*d + 14. Let w be f(-6). Calculate the greatest common divisor of w and 42.
14
Let p(r) = r + 36. Let i(d) = -d**3 + 5*d**2 - 3*d - 4. Let c be i(4). Let u be p(c). Let w = u - 22. Calculate the highest common divisor of 21 and w.
7
Let r be 1/((6/(-45))/(16/(-5))). Let c(a) = 5*a**2 - 5. Let v be c(5). What is the greatest common factor of r and v?
24
Let j(r) = r + 36. Let i be j(0). Let u = 11 - 2. What is the greatest common factor of i and u?
9
Let s be 17 + 3*(-2 - -1). What is the greatest common divisor of s and 21?
7
Suppose -2*y = -n - 125, -4*y + 255 = 4*n - 5*n. Calculate the highest common divisor of 13 and y.
13
Let u be 42/8 + (-15)/60. Suppose 0 = 2*p - p + u*m - 21, 3*m = 12. Calculate the greatest common divisor of p and 8.
1
Let g = -187 + 283. What is the greatest common divisor of g and 12?
12
Suppose 115 = 4*y - 5*j, -5*y + j + j + 148 = 0. What is the greatest common factor of y and 90?
30
Let h(q) = -7*q - 271. Let y be h(-40). Suppose -6 = -2*w - 2. Let b be w/3 + (-266)/(-6). What is the greatest common factor of y and b?
9
Let w be ((-198)/(-55))/((-3)/(-10)). Suppose -3*a = -22 - 86. Calculate the highest common factor of a and w.
12
Let t(o) = 6*o**2 - 4*o - 2. Let i be t(-3). Let m = -35 + i. Let v = m + -17. What is the highest common factor of v and 12?
12
Let y be 13/4 - (-5)/(-20). Let m be ((-64)/24)/((-2)/y). What is the highest common divisor of m and 44?
4
Let f be (-78 - 0)/(16 + -18). Calculate the greatest common divisor of f and 78.
39
Suppose -15 = -3*g, -4*l + 4*g - 119 = -l. Let w be (l/4)/(9/(-24)). Let p = 7 - -26. What is the greatest common factor of w and p?
11
Let f = 28 - 19. Calculate the greatest common factor of f and 45.
9
Suppose 3*f + 5*x - 40 = -2*f, 0 = f + 4*x - 11. Calculate the greatest common factor of f and 7.
7
Suppose 3*n + 6953 = -o - o, -n - 1 = 0. Let p be 2/(-11) + o/(-55). What is the greatest common factor of 9 and p?
9
Let k be (12/(-3))/2 - -86. Calculate the greatest common factor of 12 and k.
12
Suppose 0 = 5*u - 4*n - 32, 3*n = 2*u - 0*n - 17. Let j = -3 + u. Let a be (30/7)/(j/7). Calculate the greatest common divisor of a and 20.
10
Let h(c) = 5*c**3 - c**2 + 5*c + 6. Let d be h(6). Suppose 6*i + d = i. Let n be (-9)/15 + i/(-10). Calculate the greatest common divisor of n and 14.
7
Let s(j) = 2*j + 14. Let n be s(-5). What is the highest common divisor of 12 and n?
4
Let b be (6/5)/((-6)/(-20)). Suppose 111 = 5*q - 2*g, 4*g = b*q - 0*g - 96. Calculate the greatest common factor of q and 84.
21
Suppose -2*k + 4*k = 60. Suppose 3*q - 12 = 2*q. Calculate the highest common divisor of q and k.
6
Let s be -3 + 1 - -93 - -2. What is the highest common factor of 31 and s?
31
Let k = 53 + -18. Let m be (-1 + 5/2)/(9/30). What is the highest common divisor of m and k?
5
Suppose -2*h + 47 = -9. Suppose h = x + o, o - 112 = -4*x + 4*o. What is the greatest common factor of x and 7?
7
Let o be ((-25)/10)/(4/(-8)). Let c = -3 + 5. Suppose c*x + x = 120. Calculate the greatest common factor of x and o.
5
Suppose 4*m - 9*m = -45. Suppose -4*x + 1 = -3*x, 355 = 5*i - 5*x. Calculate the greatest common factor of m and i.
9
Let v = 15 + 28. Suppose -2*r - r = -2*o - v, -3*r + 55 = o. What is the highest common divisor of 51 and r?
17
Suppose -12 = -5*x - 2*c, 3*x - 2*x = -5*c + 7. Let p be 54/(-3) + (1 - x). Let s = p - -31. Calculate the highest common divisor of 96 and s.
12
Let h be (-710)/(-2) + 0 + 1. Let a = 733 - h. Let l = a - 257. What is the highest common factor of l and 15?
15
Let m(r) = -r**2 + 4*r + 3. Let v be m(4). Let t be (21 - 7) + (0 - -1). Calculate the highest common divisor of v and t.
3
Suppose 1 = 2*k - 17. Let x = 50 - -13. Calculate the greatest common factor of k and x.
9
Let s = -68 + 81. Calculate the highest common divisor of 52 and s.
13
Suppose 2*p + 2*x = 14, 0 = -3*p + 8*p + 2*x - 29. What is the highest common divisor of 2